*2 + 15*g - 14. Let r be i(13). List the prime factors of 3 - ((-1)/4 + (-1569)/r).
2, 67
Let v = 168 + 52. Let r = 385 - v. What are the prime factors of r?
3, 5, 11
Let r = 31 + -27. Suppose -3*m = -2*p - 15, 5*m - r*p - 32 = -3*p. List the prime factors of m.
7
Suppose -6*o + 194 = 68. What are the prime factors of o?
3, 7
Suppose -3*w + 1397 = 2*a, -a = w + 3*a - 469. List the prime factors of w.
3, 5, 31
Suppose 248 = 2*y + 6*y. Let l = y + 6. List the prime factors of l.
37
Let a be (-8)/(-48) - 82/(-12). Let i be (-12)/(-42) + 26/a. What are the prime factors of 41 + -2 + 0 - i?
5, 7
Let g(d) = 4*d**2 - 18*d + 4. List the prime factors of g(18).
2, 61
Suppose 5*z = 5*g - 55, -2*g + 7*g - 50 = 4*z. Let a = g - 4. Let d = a - -27. What are the prime factors of d?
29
Suppose 1737 = -726*q + 735*q. List the prime factors of q.
193
Suppose 8*c - 3*c = 20. Suppose 0*q = -c*s + q + 11, 2*q = -s + 5. Let f(t) = 3*t**2 - 2*t + 2. List the prime factors of f(s).
23
Suppose 3 + 6 = 3*l. Suppose 0 = -l*k - 0*k. Suppose k*z - 140 = -5*z. What are the prime factors of z?
2, 7
Suppose u = -6*u - 392. Let k = 139 + u. What are the prime factors of k?
83
What are the prime factors of -655*28/(-16) + (-2)/8?
2, 3, 191
Let k(i) = -2*i**3 - 32*i**2 - 14*i - 59. Let l(a) = a**3 + 16*a**2 + 7*a + 30. Let o(f) = 6*k(f) + 11*l(f). What are the prime factors of o(-16)?
2, 11
Let x(q) = 2*q - 6. Let y be x(5). Suppose 24 = 4*b + y. List the prime factors of b.
5
List the prime factors of (9/(3 + -4))/(7/(-882)).
2, 3, 7
Suppose 4 = 2*t + 12. Let w be 10/t*(-36)/30. Suppose -11 + 44 = w*o. List the prime factors of o.
11
Suppose -10*y = -9*y - 80. Let i = y + -37. List the prime factors of i.
43
Let s(r) = r**3 + 6*r**2 - 7*r + 6. What are the prime factors of s(-6)?
2, 3
Let o(n) = -n + 2. Let d be o(-2). Suppose 4*r = s + 728, d*s + 979 - 263 = 4*r. List the prime factors of r.
3, 61
Suppose -4*z - z = -145. Suppose 34*d - z*d - 180 = 0. What are the prime factors of d?
2, 3
Let w = -1714 + 4948. List the prime factors of w.
2, 3, 7, 11
Let a(p) = p**3 - 5*p**2 - 8*p - 3. Let b = -41 + 48. List the prime factors of a(b).
3, 13
Let k = 16 + -11. Let j(r) = -r**3 + 6*r**2 - 4*r - 4. Let m be j(k). Suppose -40 = -3*u - m. List the prime factors of u.
13
Let y(w) = 2*w**2 - 5*w - 4. Let d be y(4). Let g = d - 8. Suppose -88 = -4*b + 4*h, -b + g*h + 26 = h. List the prime factors of b.
2, 3
Let u = 428 + -239. List the prime factors of u.
3, 7
List the prime factors of (-8)/(-6)*(-813)/(-2)*2.
2, 271
Suppose 25 = -2*q + 35. Let i = 46 - -41. Suppose 0*x = -4*p - x + i, -67 = -4*p - q*x. What are the prime factors of p?
23
Let c = 378 + 1164. List the prime factors of c.
2, 3, 257
Let d(l) = -l**3. Let o(n) = -n**3 + 13*n**2 - 24*n - 5. Let a(z) = -2*d(z) + o(z). What are the prime factors of a(-13)?
307
Let f(o) = -4*o**2 + 199*o + 25. List the prime factors of f(36).
5, 401
Let g be (-10)/(-4)*4/10. Suppose v + g = -2. Let z(a) = -9*a + 6. List the prime factors of z(v).
3, 11
Let j(n) be the third derivative of -5*n**4/12 + n**3/6 + 6*n**2. Let z be j(-2). Let w = -6 + z. List the prime factors of w.
3, 5
Suppose 20*m = 124623 - 36123. What are the prime factors of m?
3, 5, 59
Suppose -q + 1672 = 4*s, -3 = -q + 1. List the prime factors of s.
3, 139
Let x(o) = 22*o + 8. Let q be x(-11). Let h be (1 + 4)*q/(-30). Suppose -h = -5*d + 26. What are the prime factors of d?
13
Let p(h) = -h**3 + 5*h**2 + 8*h - 2. Suppose 1 = -2*u + 11. What are the prime factors of p(u)?
2, 19
Let t(m) = -19*m + 2. List the prime factors of t(-18).
2, 43
Suppose 6612 = 4*d + 3*k - 5032, -5844 = -2*d + 4*k. What are the prime factors of d?
2, 31, 47
Let a(y) = -147*y + 32. List the prime factors of a(-1).
179
Let d(j) = 3*j**2 - 30*j + 17. What are the prime factors of d(16)?
5, 61
Let s = 7 - 6. Let d(i) = 29*i**2 + i - 1. What are the prime factors of d(s)?
29
Suppose 16 = 4*q, -64 = -4*d + q + 100. Let w = 92 + d. What are the prime factors of w?
2, 67
Let j = 66 - -4. List the prime factors of j.
2, 5, 7
Let n = 722 - 722. Suppose b = 5*b - 20. Suppose 130 = -n*h + b*h. What are the prime factors of h?
2, 13
Let z(q) = q**3 + 5*q**2 - 5*q + 8. Let p be z(-6). Suppose -k + 7 = -4*f, 7 + p = -3*f. Let u = 8 + k. List the prime factors of u.
3
Let w be ((-15)/10)/(-2 + 106/56). Suppose 2*o + 4*r = 98, -2 = -4*r - w. What are the prime factors of o?
5, 11
Suppose -5*v - 10 = 5*x, -2*v + 32 = -6*v + 2*x. Let m = 10 + v. Suppose -4*o = -m*c, c + 2*c - 2*o = 3. List the prime factors of c.
3
Let g be (-5)/((-10)/(-8))*-2. Let s be (42/g)/((-5)/(-100)). Suppose 5*m + 5*t = s, 3*m + 3*t - 59 = 2*t. List the prime factors of m.
19
Let s(r) = -r**3 + 9*r**2 - 4*r - 10. Let h be s(7). Let d = h + -133. Let y = 122 + d. List the prime factors of y.
7
Let c(l) = 3*l**2 - 6*l - 37. What are the prime factors of c(16)?
5, 127
Let p = 461 - -228. What are the prime factors of p?
13, 53
Let p be 28/16 + -2 - (-374)/(-8). Let m = 101 + p. List the prime factors of m.
2, 3
Suppose 0 = -3*x + 335 + 349. Suppose 5*l + 388 = 5*z + l, -4*l - x = -3*z. List the prime factors of z.
2, 5
List the prime factors of (-2 + 2896/4)/2.
19
Let k(j) be the third derivative of 11*j**5/60 - j**3/6 + 11*j**2. Let h be k(4). Suppose -8*b = -3*b - h. What are the prime factors of b?
5, 7
Suppose -c + 4 - 5 = 0, -5*z + 2*c = -1087. Let x = z + -131. List the prime factors of x.
2, 43
Let n be (1 + -62)/(44/(-16) - -3). List the prime factors of (3/6)/((-1)/n).
2, 61
Let g(a) be the first derivative of -a**3/3 + 2*a**2 - 3*a - 6. Let q be g(1). Suppose 3*w - 158 - 37 = -3*c, -w - 1 = q. List the prime factors of c.
2, 3, 11
Suppose 0 = 2*b + 5*g + 58, 9*b - 4*b + 2*g + 103 = 0. Let k = b + 108. List the prime factors of k.
89
Let w be (-6)/18*(-1909 - 2). Suppose 0 = -4*s - 3*s + w. List the prime factors of s.
7, 13
Let p = -3 - -6. Suppose -p*f - 4*t = -128, -5*f + 2*t - 4*t + 218 = 0. What are the prime factors of f?
2, 11
Let b(d) be the second derivative of 11*d**3/6 + d**2/2 + 6*d. Let u be b(1). Let m = u - -19. What are the prime factors of m?
31
Suppose -4*r + 8 = 0, 2*p - 14 + 0 = -5*r. Suppose z = 2, 5*m - p*m = 4*z + 37. What are the prime factors of m?
3, 5
Suppose -5*c - 25 = 0, -2*f - 4*c + 2804 = 92. List the prime factors of f.
2, 683
Let q(d) = 33*d - 5. Let b be (-10)/(-6) - (-9)/27. List the prime factors of q(b).
61
Let i = -128 + 120. List the prime factors of (61/3)/(i/(-48)).
2, 61
Suppose -4*u - 5*c + 3204 = -0*u, -5*c = -3*u + 2403. What are the prime factors of u?
3, 89
What are the prime factors of (8/(-5))/((-22)/3355) - 0?
2, 61
Suppose 0 + 12 = 4*z. Let b(w) = -w**3 + 4*w**2 - w - 2. Let p be b(z). Suppose -p*r + 125 = r. What are the prime factors of r?
5
Suppose -31 + 3 = -s. Suppose -3*d = -62 - s. List the prime factors of d.
2, 3, 5
Let f = -401 + 977. Suppose 4*t = -2*t + f. What are the prime factors of t?
2, 3
Let h be (4 - 2)*-2 - -8. Suppose -4*g = -3*f + 93, -5*f = -h*g - 0*g - 163. List the prime factors of f.
5, 7
Suppose 4*z - 5*d - 3377 = 0, -18*z + 22*z + 5*d - 3407 = 0. What are the prime factors of z?
2, 53
Suppose 8 = 5*g + 43. Let h = g - -9. Suppose 0 = f + 2*x - 34, 0*x = h*f - x - 58. What are the prime factors of f?
2, 3, 5
Let h = 6823 + -3789. List the prime factors of h.
2, 37, 41
Suppose 0 = -5*x - 3*x + 48. What are the prime factors of 4/x + 650/15 + 4?
2, 3
Let h be 2 + 4/8*334. Let n = h - 97. List the prime factors of n.
2, 3
Suppose -10*q + 6*q = -216. Suppose 0 = -2*y - 3*y - 2*z + 129, -2*y - 2*z + q = 0. List the prime factors of y/5 - -3*1.
2
What are the prime factors of 1 + 178 + (-25 - -29)?
3, 61
Let x(q) = q**2 + 7*q - 14. What are the prime factors of x(20)?
2, 263
Let f be (3/(-2))/((-8)/1312). Let g = f + -134. List the prime factors of g.
2, 7
Suppose -4*g + 3*f + 350 = 0, -2*g = -6*f + 4*f - 174. Suppose -q - 9 + g = 0. What are the prime factors of q?
2, 5
Let f(j) = -j + 11. Let i be f(6). Suppose 4*p - 306 = 5*u + 39, -i*p + 5*u + 425 = 0. List the prime factors of p.
2, 5
Let d = 74 + -111. Let q(s) = -106*s - 35. Let u be q(-1). Let p = d + u. What are the prime factors of p?
2, 17
Let x(a) = a**3 + 4*a**2 - 5*a. Suppose -q - 15 = 2*q. L